0001001001 (base 2) to base 10
33865
-2a (base 16) to base 10
-42
What is 11001011111 (base 2) in base 6?
11315
-574 (base 12) to base 11
-675
211210 (base 3) to base 6
2503
504 (base 11) to base 5
4414
What is -1110 (base 2) in base 14?
-10
What is 1717a (base 13) in base 16?
acb2
a5a (base 11) to base 10
1275
Convert -1001000111100110 (base 2) to base 4.
-21013212
Convert 104 (base 9) to base 16.
55
What is -29a (base 15) in base 8?
-1123
11566 (base 8) to base 12
2a72
What is 3180 (base 10) in base 16?
c6c
What is 79 (base 10) in base 11?
72
What is -626 (base 12) in base 4?
-31332
What is -20220 (base 8) in base 3?
-102102202
What is -20423 (base 5) in base 13?
-80b
Convert 100203 (base 4) to base 5.
13214
What is -23221 (base 4) in base 14?
-3b3
Convert -3b13 (base 12) to base 13.
-311a
What is -148aa (base 12) in base 9?
-43614
What is 2522 (base 8) in base 14?
6d4
1001000011 (base 2) to base 9
713
What is -16 (base 15) in base 14?
-17
What is 1633 (base 12) in base 13?
1275
Convert -332011 (base 4) to base 13.
-1a68
Convert -1001111111 (base 2) to base 7.
-1602
147364 (base 9) to base 16
16249
What is 95 (base 16) in base 10?
149
What is 7096 (base 10) in base 16?
1bb8
What is 4464 (base 13) in base 6?
112110
-7314 (base 8) to base 15
-11c8
Convert -2515 (base 8) to base 11.
-1024
Convert -281 (base 11) to base 15.
-171
Convert -2023213 (base 4) to base 13.
-40b4
-19b25 (base 12) to base 15
-b36b
-3411 (base 6) to base 5
-11144
Convert 1011101111 (base 2) to base 7.
2122
Convert -798 (base 10) to base 15.
-383
Convert -12010012 (base 3) to base 11.
-2892
What is 343100 (base 5) in base 13?
5783
6011 (base 8) to base 13
1530
-111011010 (base 2) to base 3
-122120
What is 5a94 (base 11) in base 2?
1111100100000
What is -2006 (base 9) in base 3?
-2000020
-f5b (base 16) to base 14
-160b
-12 (base 4) to base 10
-6
87 (base 15) to base 9
151
Convert -15 (base 7) to base 15.
-c
What is -1c78 (base 14) in base 15?
-181c
1444 (base 7) to base 15
281
Convert -101011100010 (base 2) to base 14.
-1030
Convert 683 (base 15) to base 14.
773
5360 (base 7) to base 11
1481
What is 89b (base 14) in base 15?
78a
Convert 1462 (base 9) to base 2.
10001010101
What is 11123011 (base 4) in base 9?
33421
What is 251 (base 11) in base 16?
12a
-26843 (base 10) to base 3
-1100211012
What is -3032 (base 8) in base 10?
-1562
1018 (base 10) to base 7
2653
Convert 4330 (base 5) to base 9.
725
What is -1222201 (base 3) in base 7?
-4141
What is -4193 (base 15) in base 13?
-6405
320120 (base 6) to base 11
18568
-111231 (base 4) to base 3
-1220110
Convert 110100011 (base 2) to base 4.
12203
What is -a511 (base 11) in base 4?
-3121213
10100011011000 (base 2) to base 11
7946
What is -11101 (base 2) in base 3?
-1002
What is 5c37 (base 13) in base 4?
3030003
What is 310 (base 11) in base 3?
111212
-43000 (base 5) to base 12
-17b7
-2424 (base 7) to base 16
-384
Convert -37121 (base 9) to base 12.
-1249a
Convert -1001011011 (base 2) to base 3.
-211100
Convert -110110001111110 (base 2) to base 8.
-66176
What is b81 (base 13) in base 16?
7ac
122341 (base 8) to base 5
2322314
1000001011 (base 2) to base 14
295
What is -102341 (base 5) in base 11?
-2676
What is 583 (base 10) in base 9?
717
-114332 (base 5) to base 3
-12221211
986 (base 16) to base 12
14b2
Convert 203233 (base 5) to base 12.
3a59
Convert -7996 (base 11) to base 3.
-112102022
Convert 1020211 (base 3) to base 9.
1224
3e (base 15) to base 13
47
31 (base 6) to base 12
17
e81 (base 15) to base 9
4434
-212133 (base 4) to base 11
-193a
-fd3 (base 16) to base 10
-4051
What is 103304 (base 5) in base 4?
313323
-104422 (base 5) to base 6
-25145
What is -2453 (base 6) in base 14?
-317
What is 6002 (base 13) in base 11?
99a6
Convert -328 (base 13) to base 5.
-4131
What is b0 (base 15) in base 4?
2211
What is -1f7 (base 16) in base 7?
-1316
What is -657 (base 14) in base 9?
-1642
What is -34423 (base 6) in base 2?
-1001100101111
-11001111110 (base 2) to base 8
-3176
What is a527 (base 12) in base 3?
220201211
1544 (base 7) to base 15
2b5
Convert -120 (base 8) to base 4.
-1100
-5b3 (base 12) to base 5
-11410
What is 44260 (base 8) in base 12?
a928
Convert 25 (base 16) to base 3.
1101
-21219 (base 11) to base 4
-13202123
Convert -243 (base 14) to base 15.
-201
What is -10321 (base 5) in base 11?
-597
-2747 (base 9) to base 7
-6013
-663 (base 12) to base 11
-784
Convert -11302 (base 4) to base 8.
-562
What is 335 (base 12) in base 14?
25b
What is 379 (base 12) in base 6?
2233
Convert -33707 (base 8) to base 10.
-14279
Convert -34 (base 9) to base 8.
-37
-4cc0 (base 14) to base 6
-142252
-1121022 (base 3) to base 9
-1538
Convert 3109 (base 11) to base 3.
12122201
What is -1665 (base 13) in base 15?
-e99
-3283 (base 13) to base 16
-1b7c
Convert -1565 (base 7) to base 5.
-10020
What is -102122 (base 6) in base 5?
-231013
What is 333 (base 5) in base 14?
69
-20100221 (base 3) to base 10
-4642
What is 365 (base 12) in base 4?
13331
Convert 1012210 (base 3) to base 13.
531
What is -3356 (base 10) in base 4?
-310130
Convert -275 (base 14) to base 15.
-230
Convert -1001000111100 (base 2) to base 6.
-33340
-45aa (base 16) to base 6
-214322
134024 (base 6) to base 12
7314
-fb5 (base 16) to base 11
-3026
Convert -13024 (base 10) to base 6.
-140144
ae (base 16) to base 9
213
Convert 1786 (base 11) to base 4.
203200
What is 1433324 (base 5) in base 8?
73400
Convert -1265 (base 10) to base 13.
-764
92a (base 14) to base 10
1802
19507 (base 10) to base 9
28674
What is 1043 (base 10) in base 12?
72b
What is 3672 (base 10) in base 3?
12001000
Convert -10524 (base 9) to base 16.
-1b4c
What is 450a (base 11) in base 4?
1130303
Convert 290 (base 11) to base 9.
418
Convert 29 (base 16) to base 6.
105
1ab1a (base 12) to base 11
27850
What is -15445 (base 6) in base 12?
-1585
-201102 (base 3) to base 9
-642
1256 (base 8) to base 3
221102
Convert 21633 (base 8) to base 16.
239b
Convert 34230 (base 6) to base 13.
2286
11367 (base 10) to base 13
5235
23222 (base 10) to base 14
866a
Convert -b158 (base 16) to base 11.
-31123
Convert 15463 (base 11) to base 8.
52531
What is -100 (base 16) in base 8?
-400
What is 710 (base 10) in base 11?
596
-1377 (base 16) to base 15
-1723
-1230333 (base 4) to base 7
-26223
What is 2101203 (base 5) in base 9?
52352
What is -2033030 (base 4) in base 5?
-243124
What is -2a4 (base 16) in base 12?
-484
1a9 (base 13) to base 9
372
What is -3fe (base 16) in base 13?
-608
What is -a10 (base 15) in base 13?
-1053
Convert -23 (base 12) to base 7.
-36
What is -1750 (base 8) in base 14?
-516
-121112 (base 4) to base 7
-4505
Convert -100 (base 11) to base 3.
-11111
-594 (base 16) to base 15
-653
33d (base 15) to base 4
23131
Convert -16ea3 (base 15) to base 2.
-10010000111000010
Convert -100578 (base 9) to base 16.
-e885
Convert 10010010001 (base 2) to base 13.
6bc
15115 (base 7) to base 13
1b94
What is 1220200120 (base 3) in base 4?
21030300
117 (base 11) to base 9
164
6479 (base 15) to base 8
51420
What is -1113203 (base 4) in base 2?
-1010111100011
Convert 10101101111 (base 2) to base 9.
1815
What is -5658 (base 12) in base 9?
-14115
Convert -157 (base 15) to base 12.
-217
What is -aaa7 (base 13) in base 2?
-101110011110101
What is -b87 (base 16) in base 15?
-d1b
Convert 246 (base 10) to base 16.
f6
Convert -114 (base 8) to base 3.
-2211
What is 1001111010100 (base 2) in base 16?
13d4
-1110000110111 (base 2) to base 7
-30026
Convert -35311 (base 6) to base 11.
-3901
10110111010110 (base 2) to base 12
695a
Convert -710 (base 11) to base 2.
-1101011010
What is 1001100110 (base 2) in base 9?
752
What is 11111001101 (base 2) in base 12?
11a5
Convert -115213 (base 6) to base 12.
-5b09
What is -23002331 (base 4) in base 3?
-2022001202
What is b51b (base 13) in base 14?
91a4
What is -123433 (base 5) in base 14?
-1aba
Convert -52220 (base 6) to base 14.
-279a
What is -12210223 (base 4) in base 14?
-9b51
Convert 201c (base 16) to base 13.
3984
Convert -355 (base 6) to base 16.
-8f
-21231 (base 4) to base 16
-26d
What is 102030 (base 4) in base 16?
48c
What is -3874 (base 9) in base 7?
-11314
Convert -6385 (base 10) to base 4.
-1203301
Convert 312 (base 16) to base 3.
1002010
-13251 (base 7) to base 16
-dec
Convert -8926 (base 14) to base 7